ppose x*c - 5*c + 20 = 0. What is the units digit of c?
4
Let j = -188 - -341. What is the tens digit of j?
5
Let o be 0 + 1 + (0 - -1). Let r(p) be the first derivative of p**4/2 - 4*p**3/3 + 2*p**2 - 2*p + 3. What is the units digit of r(o)?
6
Let r be -2*-5*(-1)/(-2). Suppose 2*d - d + 3*s - 11 = 0, 0 = -4*d - 4*s + 20. Suppose -o = -2*o - 3*g - 14, -r = 5*o + d*g. What is the units digit of o?
1
Let b = -43 + 115. What is the units digit of b?
2
Let x(n) = 1 + 0 + 5 - 2 - n. What is the units digit of x(-4)?
8
Suppose 9*m - 3*m - 564 = 0. What is the units digit of m?
4
Suppose 6*z = 8*z - 12. Let j(a) = -3 - 2*a + 4*a - a. What is the units digit of j(z)?
3
Let m(o) = -2*o**2 + 4. Let p be m(3). Let q = 20 + p. What is the tens digit of ((-4)/6)/(q/(-144))?
1
Suppose 31 = -2*k - 3*v, 56 + 3 = -4*k - 3*v. Suppose -5*t = j - 34, 2*t + j = 6*j + 19. What is the units digit of (-13)/(-2) - t/k?
7
Suppose 0*f - 4*y - 71 = -f, 3*f - y - 169 = 0. What is the units digit of f?
5
What is the tens digit of (-9)/6*(-170)/15?
1
Suppose 0 = -4*h - 4, 2*v + 34 = -3*v - 4*h. What is the units digit of 35 + v*(-1)/(-2)?
2
Let x(g) = 27*g**2 + 4*g + 14. What is the units digit of x(-3)?
5
Suppose 2*i + 26 = 4*g, 5*g + 2*i + 2 = 6*g. What is the units digit of g?
8
Let i(q) = 3*q**3 - 13*q**2 + 8*q - 11. What is the units digit of i(5)?
9
Let n(v) = -v**3 - 2*v**2 + 4*v + 3. Let i be n(-3). Suppose i = 2*l - 4*l + 18. What is the units digit of l?
9
Let o be 3*(1 + 0)/(-1). Suppose -6*z + 2 = 8. What is the units digit of (-1)/(o/z)*-21?
7
Let j(v) = 2*v - 2*v + 2*v + v**2 + 4 + 0*v. What is the units digit of j(-3)?
7
Let g be (-2)/(4/(-46)) - 1. Suppose 4*s = -2 + g. Suppose -2*v + s*v - 33 = 0. What is the units digit of v?
1
Let s = -121 - -82. Let f = -16 - s. Suppose -4*d + 2*o = -38, -3*d - 2*o - 2*o + f = 0. What is the units digit of d?
9
Suppose -3*b + 0*b - 2*p - 230 = 0, -b - 75 = p. Let k be (-2 - (1 + 1)) + -59. What is the units digit of (-18)/k - b/14?
6
Suppose 0 = -3*a - 5*g + 152, 5*g - 4*g = -2*a + 92. What is the units digit of a?
4
Suppose 0 = -3*m - 2*u + 148, -2*u - 234 = -5*m + u. What is the units digit of m?
8
Let a(y) = -y**3 - 15*y**2 - 10*y + 8. What is the tens digit of a(-15)?
5
Suppose 4*k + 4*y = 300, 4*k + y - 296 = -2*y. What is the units digit of k?
1
Suppose -n + 3*z + 75 = 0, -4*n + 131 = 5*z - 84. Let w = n + -15. What is the units digit of w?
5
Let c = 349 - 163. What is the tens digit of c?
8
Suppose -4 = -2*j + 6. Suppose -5*t + 105 = -j*m, -4*t + m - 2*m = -79. Suppose 0 = -2*o - 3*b + 12 - 2, -4*o = 5*b - t. What is the units digit of o?
5
Let h be (-6)/4 + (-21)/(-6). Suppose -h*r - 3 + 85 = 0. What is the units digit of r?
1
Let q(v) = v - 5. Let k = -8 + 17. Let h be q(k). Suppose 0 = -3*n + 4*s + 46, h*n = -2*s + 3*s + 44. What is the tens digit of n?
1
Suppose 0 = -5*u - 0*u. Let s be 1 + (-3 - u) + -1. What is the units digit of ((-52)/(6/s))/2?
3
Let h(p) = 16 - 6*p + 2*p + p**3 + 5*p. Let k(y) = -y**2 - 4*y. Let i be k(-4). What is the units digit of h(i)?
6
Let q(d) = d**3 - 6*d**2 + 3*d - 3. Let a be q(3). Let j = a + 47. What is the units digit of j?
6
Let m(n) = -n**2 + 7*n - 7. Let w be m(5). Let v = 2 - w. What is the units digit of (-2)/(-1) + (v - -8)?
9
Let h be (-4)/1*7/(-14). Suppose -7*p + 35 = -h*p. What is the units digit of p?
7
Suppose 4 - 94 = 15*o. Let g(b) = -b + 9. Let u be g(0). Let y = u + o. What is the units digit of y?
3
Suppose 0 = 5*i + 36 - 151. What is the units digit of i?
3
What is the tens digit of (174/(-12))/((-1)/10)?
4
Suppose 3*l + 2*l = 0. What is the units digit of (3 - -7 - l) + -2?
8
Let t(b) = b**3 - 4*b**2 + 3*b - 11. What is the tens digit of t(6)?
7
Let k = -6 - -2. Let b be 0/(-2)*2/k. Suppose 0 = 5*u - b*u - 25. What is the units digit of u?
5
Let p(s) = s**2 - 4*s + 30. What is the units digit of p(11)?
7
Suppose -b + 4*b = 0. Suppose -4*l + 13 + 15 = b. What is the units digit of l?
7
Suppose -4*i + 171 = -41. What is the tens digit of i?
5
Suppose 4*w + 51 = 275. What is the units digit of w?
6
Let u = 6 + -5. Suppose -31 = -4*b + u. What is the units digit of b?
8
Suppose 4*h - 5*h = 3*y - 266, y - h = 90. What is the tens digit of y?
8
Suppose -2*l = -7*l - 40. What is the tens digit of 4*((-266)/l)/7?
1
Let a be -2 - (3 - 5) - -5. Suppose -4*d + d + c = -42, a*c - 14 = -d. Suppose 3*v + 3 = 0, -d = -3*q + 5*v - 3*v. What is the units digit of q?
4
What is the units digit of (-4 - -2)/((-6)/9) + 58?
1
Suppose -r + 6 + 31 = 0. Suppose 0 = u - 5*g - r, -6*u + 40 = -u + 4*g. What is the tens digit of u?
1
Let f = 102 - 46. Let u = 80 - f. What is the units digit of u?
4
Let g(r) = r**3 - 5*r**2 + 3*r - 2. Let y be g(4). Let d = 9 + y. What is the units digit of d?
3
Let b = 3 + -2. Let m be 6/(3/b)*1. What is the units digit of (-3)/6 + 19/m?
9
Let y(z) = z - 11. Let c be y(10). Let m be (1 - c) + 3 + -22. Let r = m + 32. What is the tens digit of r?
1
Suppose 28 = 2*g - m - m, 0 = 2*m. What is the units digit of g?
4
Let p = 26 + -20. What is the units digit of p - 2 - (-27 + 0)?
1
Suppose 4*r + 135 = -r. What is the units digit of (-2)/(-9) + (-534)/r?
0
Let l(j) = 14*j**2 - j + 1. What is the units digit of l(2)?
5
Let x(y) = -5*y**2 - 16*y - 3. Let o(s) be the first derivative of s**3/3 + s**2/2 + s - 3. Let c(d) = -6*o(d) - x(d). What is the units digit of c(9)?
6
Let x(j) be the second derivative of -2*j**5/5 + j**4/12 + j**3/6 + j**2/2 - 7*j. Suppose 0 = -4*o - o - 5. What is the units digit of x(o)?
9
Let l = -12 - 22. Let f = 47 + l. What is the units digit of f?
3
Let r(c) = -c - 6. Let o be r(-9). Let p(f) = -2*f + 3*f**3 + 0*f**3 + o*f. What is the units digit of p(1)?
4
Let m be -12*(-1)/((-8)/6). Let w = 13 + m. Suppose -20 = -5*k + 5*r, -k + w = -5*r - 0. What is the units digit of k?
4
Suppose 8 = 4*t - 2*t. Suppose 7*w - 4*w - 30 = -3*n, 0 = -t*w - 5*n + 43. Suppose 2*j = 19 - w. What is the units digit of j?
6
What is the units digit of 6/(-1*3/(-16))?
2
What is the units digit of ((-21)/(-15) - 5)*(-10)/3?
2
Suppose 4*g = -2*o + o + 151, 4*o + 3*g - 565 = 0. What is the hundreds digit of o?
1
Suppose 0 = 5*w - 10, 5*l - 2*l + w - 14 = 0. Suppose l*b - 3*j = -7, -j = -b + 2 - 3. Let f(p) = p**3 + 5*p**2 + 4*p + 1. What is the units digit of f(b)?
1
Let h be (-3)/(4 + 2)*-10. Suppose 10 = h*i - 0*i. What is the units digit of (-4)/(-3)*3/i?
2
Let m be (-5 + 0)*4/(-10). Suppose j - m*z = 43, 49 = j - 2*z - 2*z. What is the tens digit of j?
3
What is the hundreds digit of 2/8 - -2469*(-3)/(-36)?
2
Suppose -7*n - 965 = -12*n. What is the hundreds digit of n?
1
Let v be ((-1)/(-1))/(6/18). Let t be ((-24)/(-14))/(v/42). Suppose -4*q = -0*q - 4*c - 48, -2*q = c - t. What is the units digit of q?
2
Let b(v) = v**2 + 2*v - 3. Let k be b(-5). Let j = 0 + k. What is the units digit of j?
2
Suppose 2*i = -z + 205, -280 = -3*i - 0*i + 4*z. What is the tens digit of i?
0
Suppose 0 = -2*d + 2*c + 228, -12 = -d - 4*c + 77. What is the units digit of d?
9
Let d(u) = u**2 + 12*u + 16. What is the tens digit of d(-13)?
2
Suppose -4*g = 4*x - 248, -34 = -3*x - 4*g + 152. What is the units digit of x?
2
Suppose 2*j = -2*z + 280, -3*j + z + 410 = -z. What is the units digit of j?
8
Let u be 8/(-14)*3*7. What is the units digit of (u/10)/((-2)/30)?
8
Suppose -34 = -4*f + 58. Suppose 3 - 63 = 4*m. Let p = f + m. What is the units digit of p?
8
Suppose -r = 5*n - 25 - 4, -4*n = -4*r - 4. Suppose -w + 2 = -n. What is the units digit of w?
7
Let n be (-2)/(-7) - 16/7. Suppose -d + 11 = -0. Let y = d + n. What is the units digit of y?
9
Suppose 5*m + x = 217, m - x - 39 = 8. What is the units digit of m?
4
Suppose 270 = 7*w - 3*w + 2*g, 0 = w + 3*g - 55. What is the units digit of w?
0
Let n(g) = g**2 - 4*g + 10. Let u be 8/(-2) - (-5 - 6). What is the units digit of n(u)?
1
Suppose 0 = -3*c + c. Suppose c = -l - 0*l + 2. Let p(d) = -d**3 + 3*d**2 - d - 1. What is the units digit of p(l)?
1
Let u(r) be the third derivative of -r**7/504 - r**5/30 - r**2. Let b(y) be the third derivative of u(y). What is the tens digit of b(-1)?
1
Let m = 155 - 90. What is the tens digit of m?
6
Let h(i) = -i**3 + 6*i**2 + 7*i - 2. Let l be h(7). Let b(f) = 2*f**2 + 2*f + 1. Let